what is -81658 + -1458?
-83227
In base 3, what is -1221 - -22112021022?
22112012101
In base 16, what is -44 + 88eb7f?
88eb3b
In base 8, what is -232342 + -17?
-232361
In base 16, what is -11b + 5aeb?
59d0
In base 5, what is 14330 + -1243121?
-1223241
In base 4, what is 121021300 + -2221?
121013013
In base 16, what is -244fe8 - 4?
-244fec
In base 3, what is 11 - -120000201012012?
120000201012100
In base 11, what is 3423998 + 5?
34239a2
In base 6, what is -33132033 - 5?
-33132042
In base 13, what is 3265b81 + -5?
3265b79
In base 8, what is 121 - 105413?
-105272
In base 6, what is -1120 - 11513405?
-11514525
In base 3, what is -1021102121021 - 10021011?
-1021112212102
In base 4, what is 213133332 + -130?
213133202
In base 12, what is 18a48245 + -a?
18a48237
In base 11, what is -23 + 615381?
615359
In base 15, what is -14 - 50262?
-50276
In base 12, what is -584b1 - 4478?
-60969
In base 6, what is -1054115 + -230?
-1054345
In base 8, what is -1643 + 166201?
164336
In base 2, what is -11100 - -101010110010010000101000?
101010110010010000001100
In base 14, what is -1698a + -89?
-16a35
In base 8, what is -1263 - -3175277?
3174014
In base 10, what is -3 + 244866182?
244866179
In base 8, what is 14243 + 112301?
126544
In base 10, what is -673021 - 188?
-673209
In base 15, what is -2 - -133be1a?
133be18
In base 14, what is -3 + -4b3d0b?
-4b3d10
In base 9, what is 313 - -18733?
20146
In base 9, what is 2864103 + 5?
2864108
In base 16, what is -15 - -46b464?
46b44f
In base 16, what is 4eca - -1d9a?
6c64
In base 11, what is 27815 + -38?
27788
In base 16, what is 171 - -5bb6?
5d27
In base 10, what is 0 + -4906297?
-4906297
In base 13, what is 37b + 4c53?
5301
In base 9, what is -17 - 85556636?
-85556654
In base 10, what is -4 + -23419893?
-23419897
In base 4, what is 2 - 12101020120?
-12101020112
In base 4, what is 121111233311310 - -11?
121111233311321
In base 4, what is -2230002110 + -13?
-2230002123
In base 10, what is 650 + -172?
478
In base 3, what is -2201112021102021 - -2?
-2201112021102012
In base 16, what is 1081 + -d6e?
313
In base 8, what is 23453 - 10664?
12567
In base 3, what is 1110022112122120 - -2?
1110022112122122
In base 4, what is 32020203022 + -231?
32020202131
In base 6, what is -13341 + 1225130?
1211345
In base 2, what is 1000010011100 - -1000101110011010?
1001110000110110
In base 16, what is -2f8b380 - -2?
-2f8b37e
In base 4, what is -13030113212321 + 2?
-13030113212313
In base 13, what is 2cc + 25583?
25882
In base 8, what is -26 + 446636?
446610
In base 2, what is 111 - 101011101110001011010011?
-101011101110001011001100
In base 8, what is -5374 - 4740?
-12334
In base 7, what is 1 + 221126106?
221126110
In base 12, what is a1 - 4078a6?
-407805
In base 12, what is -b7489 - 1?
-b748a
In base 9, what is 10474516 + -16?
10474500
In base 12, what is 4 - 4031192?
-403118a
In base 9, what is 103 + -1871462?
-1871358
In base 6, what is -20455530 + -41?
-20500011
In base 13, what is 83bc - -5020?
1040c
In base 6, what is 0 + 445145240?
445145240
In base 7, what is -3206 - -1256036?
1252530
In base 15, what is -6ec - -741?
44
In base 8, what is -2 + -5505604?
-5505606
In base 7, what is 1065356224 + 4?
1065356231
In base 15, what is 22319da6 - 1?
22319da5
In base 14, what is -76 - -7424c?
741b6
In base 14, what is -3 + 4d32649?
4d32646
In base 14, what is -3 + 264c7a?
264c77
In base 10, what is -450405277 - 2?
-450405279
In base 16, what is 4a1dc - 4d7?
49d05
In base 3, what is 221 - 2022211020200?
-2022211012202
In base 4, what is -2031 - -21000320133?
21000312102
In base 13, what is 184 - 10ca0?
-10b19
In base 8, what is -11440 - 11531?
-23171
In base 14, what is 52774a - -3?
52774d
In base 2, what is 1111000011001000 - -1011001?
1111000100100001
In base 12, what is -9b0115 - 22?
-9b0137
In base 2, what is -110000110001011 - 11001000?
-110001001010011
In base 6, what is -345 + 230541?
230152
In base 8, what is 246431 + -4473?
241736
In base 15, what is 4c83 + 16e9?
647c
In base 15, what is 1204374 + -3?
1204371
In base 5, what is 423422432441 - -2?
423422432443
In base 10, what is -5 - 36643251?
-36643256
In base 8, what is 23740 + -12773?
10745
In base 2, what is 1110011111110100001010 - 0?
1110011111110100001010
In base 3, what is 1 + -1100020121111101?
-1100020121111100
In base 3, what is 102 + 110221222221?
110222000100
In base 7, what is -11105554224 + 2?
-11105554222
In base 12, what is -255 - -3595?
3340
In base 9, what is 4 - -4748828?
4748833
In base 3, what is 2102112020 + -100211120?
2001200200
In base 9, what is 1 - -26425455?
26425456
In base 13, what is -11a5b29 + 3?
-11a5b26
In base 10, what is 2081362 + 13?
2081375
In base 16, what is -71a0e - -164?
-718aa
In base 9, what is 66 - 18816?
-18740
In base 5, what is -1144 - 1402204?
-1403403
In base 16, what is -953 + 216e?
181b
In base 5, what is -4212443 + -114?
-4213112
In base 4, what is -133230 + -11000?
-210230
In base 4, what is -103200133103 + 213?
-103200132230
In base 16, what is 2c + -101d589?
-101d55d
In base 2, what is -11 - -100011000001111?
100011000001100
In base 12, what is 459b401 - 4?
459b3b9
In base 2, what is 1100100011111001 + 1010110000011?
1101111001111100
In base 2, what is 100111001011 - 1001010011110?
-100011010011
In base 16, what is 45 + -928a?
-9245
In base 15, what is -55808 + -25?
-5582d
In base 11, what is 18a7 + -7974?
-6078
In base 14, what is 37bbc - b1?
37b0b
In base 10, what is -82554 + -399?
-82953
In base 4, what is -1 + -30302310121?
-30302310122
In base 3, what is 12120121100 - -112?
12120121212
In base 4, what is 12030101002320 - 2?
12030101002312
In base 4, what is -2001 + 3120?
1113
In base 12, what is -8982221 + -14?
-8982235
In base 16, what is -1 + 23cc11?
23cc10
In base 7, what is 211661 - 101224?
110434
In base 5, what is -134 + -1033200344?
-1033201033
In base 8, what is 2103561 - -437?
2104220
In base 9, what is 1014135 - 1051?
1013074
In base 8, what is -173440012 + 13?
-173437777
In base 14, what is -9c2 + 7003?
6421
In base 14, what is -2605a - -48?
-26012
In base 2, what is -10000001101011011110011 + -10100?
-10000001101011100000111
In base 13, what is 6018575 - -9?
6018581
In base 16, what is -1416d34 - -16?
-1416d1e
In base 13, what is c69 - 19b1?
-a45
In base 13, what is 0 + bc171c5?
bc171c5
In base 7, what is 220211 + -3400?
213511
In base 15, what is -1787b6 + 90?
-178726
In base 5, what is -3103 - -413222?
410114
In base 14, what is ac85 + 222?
b0a7
In base 14, what is 37 - a867?
-a830
In base 10, what is 24905 - -1348?
26253
In base 16, what is 5468 + -33c?
512c
In base 14, what is 1788d + c5?
17974
In base 2, what is 110001 + -100001101111101111?
-100001101110111110
In base 8, what is -53726 - 230?
-54156
In base 11, what is 784 + -634?
150
In base 3, what is -121202120110222 - -2011?
-121202120101211
In base 14, what is 4dd7d - -2?
4dd81
In base 14, what is da18a - -8?
da194
In base 9, what is -264011 - -163?
-263737
In base 8, what is -61 + 14217154?
14217073
In base 8, what is 2 + -227552266?
-227552264
In base 9, what is 20287 - -334?
20632
In base 14, what is -17bb5 - 43?
-17c18
In base 15, what is -ed15d7 - 9?
-ed15e1
In base 16, what is a6 - 2d5dd?
-2d537
In base 2, what is 11011110110011000001011101000 + -10?
11011110110011000001011100110
In base 13, what is -461c252 - 2?
-461c254
In base 11, what is -5 + -60781?
-60786
In base 3, what is -22212222111 + -10102?
-22220002220
In base 11, what is 771981 + 20?
7719a1
In base 12, what is 13 - -6319541?
6319554
In base 5, what is -133110132333 - -3?
-133110132330
In base 11, what is -782 + -1a4638?
-1a530a
In base 13, what is 15a87 - 913?
15174
In base 4, what is 120 + 2301100013?
2301100133
In base 14, what is 1 + -36c9a918?
-36c9a917
In base 13, what is 57 + -321225?
-32119b
In base 2, what is -101100001101 + -1100011111?
-111000101100
In base 6, what is 15403 - -22152?
41555
In base 8, what is 25570607 - 41?
25570546
In base 14, what is -30c3455 + 3?
-30c3452
In base 14, what is 23a53 + 0?
23a53
In base 5, what is -1020340123 + 44?
-1020340024
In base 6, what is -2210 + 4532502?
4530252
In base 9, what is 3 - -56447587?
56447601
In base 5, what is 4301213 + 43030?
4344243
In base 15, what is 82ac8 + -d?
82aba
In base 5, what is -3021234 + 1023?
-3020211
In